 h = -4 + -2. Let b = 7 - h. Calculate the remainder when 25 is divided by b.
12
Suppose -12 = 2*o + 2*o. Let y(z) = 4*z**2 + 2*z + 4. Calculate the remainder when y(o) is divided by 9.
7
Let v = -57 + 89. Let g = 2 - 0. Suppose -5*i + 3*o + 52 = 0, -3*o - g*o + 49 = 4*i. What is the remainder when v is divided by i?
10
Suppose -2*q = 4*v - 28, 3*v = -0*v - 3. Let y(a) = -2*a**2 + 3*a + 3. Let u be y(7). Let i = -12 - u. What is the remainder when i is divided by q?
14
Let p(h) be the second derivative of -h**5/20 + h**4/2 + h**3/2 - 5*h**2/2 - 6*h. What is the remainder when p(6) is divided by 4?
1
Let t = -71 - -223. What is the remainder when t is divided by 39?
35
What is the remainder when 103 is divided by 35 + -3*2*(-5)/30?
31
Let n = -12 + 12. Suppose -5*p = -3*x + 7, n*x - p + 9 = 2*x. Calculate the remainder when 9 is divided by x.
1
Suppose -6*s + 138 = -3*s + 2*h, h = 3*s - 129. What is the remainder when 131 is divided by s?
43
What is the remainder when 37 is divided by (-9 - -11) + (0 - -8)?
7
Let o = -6 - -11. Suppose 57 = b - 2*d + o, b + d - 43 = 0. Suppose 5*z + 95 = 5*m, -47 = -4*m + 2*m + 5*z. What is the remainder when b is divided by m?
14
Suppose -x + 4 = x. Let o be 3/(-2) - 7/(-2). Suppose -o = -2*i + i. What is the remainder when i is divided by x?
0
Calculate the remainder when (-1)/(-3 - 214/(-72)) is divided by 19.
17
Suppose -2*w + 2 = -2. Suppose -w*o = o. Suppose 0*b + 2*b - 30 = o. What is the remainder when 44 is divided by b?
14
Suppose -4*s = s - 5. Let i(x) = 6 + 13*x - 2 - 3. Calculate the remainder when i(s) is divided by 8.
6
Let p be (1 + 2)/(-3)*-8. Let a(w) = -11*w - 9*w - p*w. Calculate the remainder when a(-1) is divided by 10.
8
Let a(d) = -d**3 + 8*d**2 + d - 3. What is the remainder when 158 is divided by a(7)?
52
Let q = -355 + 510. Suppose -2*s - 3*s = -q. Let k = -11 - -22. What is the remainder when s is divided by k?
9
Suppose -5*i + 21 = -29. Calculate the remainder when 2/i - 237/(-15) is divided by 9.
7
Suppose 4*f - 63 - 17 = 0. What is the remainder when 0/(1 - 2) + f is divided by (-2)/4*-7*2?
6
Let w(p) = 14*p**2 + 21*p - 50. Let c(v) = 5*v**2 + 7*v - 17. Let n(b) = -11*c(b) + 4*w(b). What is the remainder when -4*(-2)/1*4 is divided by n(-10)?
15
Suppose 6*b - 15 = b. Let h be (111/b)/(1/(-2)). Let k = -48 - h. What is the remainder when k is divided by 9?
8
Suppose w - 5*b + 44 = 5*w, 33 = 3*w + 5*b. Suppose -3*r + 4*v + 46 = 5*v, 0 = r - 4*v - w. What is the remainder when 44 is divided by r?
14
What is the remainder when 106 is divided by (27/(-6))/((-4)/48*2)?
25
Let m(o) = o**2 - 8*o - 24. Let a(w) = 0*w**2 + 11*w - 7 + w - w**2. What is the remainder when a(8) is divided by m(-3)?
7
Calculate the remainder when 61 is divided by ((-18)/(-3) - 3)*7.
19
Let z = 8 - 0. Let l = -155 - -170. What is the remainder when l is divided by z?
7
Let w = -2 + 9. Let b(t) = -2*t**3 - 2*t - 1. Calculate the remainder when b(-2) is divided by (w/2)/(3/6).
5
Let w(k) be the third derivative of k**4/12 - 2*k**3/3 - 2*k**2. What is the remainder when 52 is divided by w(11)?
16
Suppose -35*t = -34*t - 65. What is the remainder when t is divided by 14?
9
Suppose 0 = 7*g - 41 + 6. Let d(z) be the first derivative of -5*z**2/2 - 2*z + 2. Calculate the remainder when d(-3) is divided by g.
3
Suppose 0 = -z - 4*s + 2*s - 6, -2*z = -5*s - 6. Calculate the remainder when 1/z - (-39)/2 is divided by 11.
8
Let z = 5 + -2. Suppose -n = -z*n + 6. Calculate the remainder when 12*(-1)/n*-3 is divided by 7.
5
Suppose -70 = -6*v + v. Calculate the remainder when v is divided by 3.
2
Calculate the remainder when 3*20/(-8)*-2 is divided by 6.
3
Let a(v) = v**2 - 5*v - 10. Let n be a(7). Suppose -n*x = -x - 12. What is the remainder when 11 is divided by x?
3
Suppose -4*z = z - 80. Calculate the remainder when z is divided by 7.
2
Let r = -24 + -3. Let b = -16 - r. What is the remainder when ((-2)/(-4))/((-3)/(-186)) is divided by b?
9
What is the remainder when ((-15)/(-2))/(15/60) is divided by 3?
0
Suppose -9 = -v + g, -v = v - 5*g - 9. What is the remainder when 40 is divided by (-2)/3 - (-140)/v?
7
What is the remainder when 22 is divided by (-10 - -23) + -3*(-3)/(-3)?
2
Let q = -36 - -62. What is the remainder when 75 is divided by q?
23
Let m(s) = -s**3 + 8*s**2 - 7*s. Let k be m(6). Let f = 68 - k. Calculate the remainder when f is divided by 13.
12
Suppose -2*y + 1 = -2*z + z, -2*z = 2*y + 8. Let v(b) be the first derivative of b**3/3 - b**2/2 - 2*b - 4. What is the remainder when 18 is divided by v(z)?
8
Let z be ((-4)/(-7))/((-6)/(-21)). Suppose 7*g = z*g + 45. Calculate the remainder when 53 is divided by g.
8
Let z(g) = g - 1. Let y(b) be the second derivative of -20*b**3 + 75*b**2/2 - 2*b. Let p(v) = y(v) + 75*z(v). What is the remainder when p(-1) is divided by 12?
9
Suppose -m + 3*o = -28, 2*o + 49 = 2*m + 13. What is the remainder when 34 is divided by m?
8
Suppose o - 12 = 2. Let k be (-3)/2*400/(-12). Let p = k + -24. What is the remainder when p is divided by o?
12
Suppose 19 = -s - 4*a + 58, 126 = 4*s + a. What is the remainder when 246 is divided by s?
29
Suppose -3*q = -26 - 82. What is the remainder when q is divided by 10?
6
Suppose 2*q - 3*z = -2*q + 9, 4*q + 5*z = 17. What is the remainder when q is divided by 1?
0
Let c(i) = 2*i**3 - 4*i**2 - 2*i + 6. Calculate the remainder when c(4) is divided by 16.
14
Let t(m) = m**3 + 6*m**2 + 5*m + 5. Let b be t(-5). Suppose b*d - 21 = -1. What is the remainder when 9 + ((-4)/(-1) - 2) is divided by d?
3
Let l(i) = 9 - i + 3*i - 8. Calculate the remainder when l(6) is divided by 7.
6
Let g = 17 + 8. What is the remainder when g is divided by 13?
12
Let h(r) = -r**2 - 5*r - 2. Let s be h(-4). Suppose s*p = -0*p + 82. Calculate the remainder when p is divided by 21.
20
Let v be (-8)/(-12) + 1/3. Suppose -3 = -y + v. Let c(w) = 2*w - 2. What is the remainder when c(6) is divided by y?
2
Let i(j) = -j - 5. Let z be i(-8). Suppose -2 = z*q - 20. What is the remainder when q is divided by 2?
0
Suppose 12 = 4*l, -3*z + 8 = -3*l - 1. Suppose 27 = 9*i - z*i. What is the remainder when 33 is divided by i?
6
Suppose 1 = 3*q - q - 5*t, 4*q = -2*t - 58. Let f(o) = -o**2 - 14*o - 1. What is the remainder when f(q) is divided by 12?
11
Calculate the remainder when 39 is divided by 6/(-1 + 4 - 2).
3
Let j be (-5)/15*(-1 + 1). Suppose p + j*p - 24 = 0. What is the remainder when 71 is divided by p?
23
Suppose -20 = 13*v - 17*v. Calculate the remainder when 308/7 + v + -1 is divided by 25.
23
Let x(q) = 2*q**2 - q + 1. What is the remainder when x(-3) is divided by 1*(-1 + (4 - -3))?
4
Calculate the remainder when 41 is divided by ((-3)/(-2))/((-27)/(-198)).
8
Let f = 12 - 7. Suppose -f*n + 50 - 10 = 0. What is the remainder when 31 is divided by n?
7
Let w(a) = 33*a**2 + a + 2. What is the remainder when 132 is divided by w(-1)?
30
Let v(g) = -g**3 + 8*g**2 + 9*g - 9. Let n be v(9). Let i = -32 - -48. Let d = n + i. What is the remainder when d is divided by 4?
3
Suppose -5*d - 141 = n + 22, 15 = -5*n. Let w = -3 - d. What is the remainder when w is divided by 8?
5
Suppose 6*u = u + 200. Suppose 0*p + u = 5*p. What is the remainder when 22 is divided by p?
6
Let z be ((-10)/2)/(1/(-18)). What is the remainder when (6/10)/(2/z) is divided by 10?
7
Let u(g) be the second derivative of -g**4/12 + 3*g**3/2 + g**2/2 - 3*g. What is the remainder when 57 is divided by u(7)?
12
Suppose -5 = -0*o - o. Suppose 2*a - 36 = -3*q, 3*a + q - o*q = 54. Calculate the remainder when a is divided by 10.
8
Suppose 0 = -h + 52 - 12. What is the remainder when h is divided by 20 - (-2*2 + 3)?
19
Let q(z) = -z**2 + 7 - 3*z + 2*z + 7*z. Let m be q(7). Suppose p + m*p + 5*s + 12 = 0, -p = 2*s + 3. Calculate the remainder when 4 is divided by p.
1
Suppose 0 = 3*f - 5*h + 1, 5*f - 3*f + 5*h - 41 = 0. Calculate the remainder when f is divided by 4.
0
Suppose 0 = -l - l. Let i = l + 3. Suppose i*n = 10 + 8. Calculate the remainder when 17 is divided by n.
5
Let k = -26 + 36. Let j = -58 + 87. Calculate the remainder when j is divided by k.
9
Let b = 34 + -7. Suppose -p + 5 = 0, 3*d - 2*d + 4*p - b = 0. What is the remainder when 26 is divided by d?
5
Suppose 5 = -5*i - 5*m, 5*m + 32 = 3*i